{"id":487,"date":"2020-09-07T09:01:54","date_gmt":"2020-09-07T09:01:54","guid":{"rendered":"http:\/\/wpdemo.archiwp.com\/maxbizz\/?page_id=487"},"modified":"2022-10-24T13:54:27","modified_gmt":"2022-10-24T13:54:27","slug":"hakkimizda","status":"publish","type":"page","link":"https:\/\/arsemakina.com.tr\/index.php\/hakkimizda\/","title":{"rendered":"Hakk\u0131m\u0131zda"},"content":{"rendered":"\t\t<div data-elementor-type=\"wp-page\" data-elementor-id=\"487\" class=\"elementor elementor-487\">\n\t\t\t\t\t\t<section class=\"elementor-section elementor-top-section elementor-element elementor-element-aeaf1cb elementor-section-content-middle elementor-section-boxed elementor-section-height-default elementor-section-height-default\" data-id=\"aeaf1cb\" data-element_type=\"section\" data-e-type=\"section\">\n\t\t\t\t\t\t<div class=\"elementor-container elementor-column-gap-extended\">\n\t\t\t\t\t<div class=\"elementor-column elementor-col-50 elementor-top-column elementor-element elementor-element-e209ac4 ot-flex-column-vertical\" data-id=\"e209ac4\" data-element_type=\"column\" data-e-type=\"column\">\n\t\t\t<div class=\"elementor-widget-wrap elementor-element-populated\">\n\t\t\t\t\t\t<div class=\"elementor-element elementor-element-34ca8c4 elementor-widget elementor-widget-image\" data-id=\"34ca8c4\" data-element_type=\"widget\" data-e-type=\"widget\" data-widget_type=\"image.default\">\n\t\t\t\t<div class=\"elementor-widget-container\">\n\t\t\t\t\t\t\t\t\t\t\t\t\t\t\t<img fetchpriority=\"high\" decoding=\"async\" width=\"630\" height=\"475\" src=\"https:\/\/arsemakina.com.tr\/wp-content\/uploads\/2020\/09\/image1-about-us.jpg\" class=\"attachment-full size-full wp-image-491\" alt=\"\" srcset=\"https:\/\/arsemakina.com.tr\/wp-content\/uploads\/2020\/09\/image1-about-us.jpg 630w, https:\/\/arsemakina.com.tr\/wp-content\/uploads\/2020\/09\/image1-about-us-300x226.jpg 300w\" sizes=\"(max-width: 630px) 100vw, 630px\" \/>\t\t\t\t\t\t\t\t\t\t\t\t\t\t\t<\/div>\n\t\t\t\t<\/div>\n\t\t\t\t\t<\/div>\n\t\t<\/div>\n\t\t\t\t<div class=\"elementor-column elementor-col-50 elementor-top-column elementor-element elementor-element-1feb286 ot-flex-column-vertical\" data-id=\"1feb286\" data-element_type=\"column\" data-e-type=\"column\">\n\t\t\t<div class=\"elementor-widget-wrap elementor-element-populated\">\n\t\t\t\t\t\t<div class=\"elementor-element elementor-element-841e06b elementor-widget elementor-widget-iheading\" data-id=\"841e06b\" data-element_type=\"widget\" data-e-type=\"widget\" data-widget_type=\"iheading.default\">\n\t\t\t\t<div class=\"elementor-widget-container\">\n\t\t\t\t\t\t\t<div class=\"ot-heading\">\r\n\t        \t        <h3 class=\"main-head\">ARSE MAKINA<\/h3>\t    <\/div>\r\n\t    \t\t\t\t<\/div>\n\t\t\t\t<\/div>\n\t\t\t\t<div class=\"elementor-element elementor-element-bb4f4ed elementor-widget elementor-widget-text-editor\" data-id=\"bb4f4ed\" data-element_type=\"widget\" data-e-type=\"widget\" data-widget_type=\"text-editor.default\">\n\t\t\t\t<div class=\"elementor-widget-container\">\n\t\t\t\t\t\t\t\t\t<p>Arse Makina olarak; kurulu\u015fumuzdan bug\u00fcne amac\u0131m\u0131z, en yeni, en geli\u015fmi\u015f \u00fcretim tekniklerini ve ara\u00e7lar\u0131n\u0131, sanayimizin hizmetine sunmak, bu sayede \u00fclkemizin kalk\u0131nmas\u0131na katk\u0131da bulunmak olmu\u015ftur.<\/p><hr \/><p>Bu ama\u00e7la t\u00fcm d\u00fcnyada, \u00fcretim teknolojisindeki geli\u015fmeleri yak\u0131ndan takip ederek, en geli\u015fmi\u015f teknolojileri \u00fcreticilerimizin hizmetine sunmak i\u00e7in s\u00fcrekli \u00e7al\u0131\u015f\u0131yoruz.<br \/><br \/>Temsil etti\u011fimiz, tamam\u0131 alanlar\u0131nda lider \u00fcreticilerimizle birlikte, y\u00fcksek kaliteli, uzun \u00f6m\u00fcrl\u00fc, y\u00fcksek hassasiyete sahip, ekonomik, ekolojik, modern, ve \u00e7a\u011fda\u015f \u00fcretim tekniklerini ve ara\u00e7lar\u0131n\u0131, siz de\u011ferli m\u00fc\u015fterilerimizin hizmetine sunuyoruz.<\/p>\t\t\t\t\t\t\t\t<\/div>\n\t\t\t\t<\/div>\n\t\t\t\t\t<\/div>\n\t\t<\/div>\n\t\t\t\t\t<\/div>\n\t\t<\/section>\n\t\t\t\t<section class=\"elementor-section elementor-top-section elementor-element elementor-element-deecafb elementor-section-boxed elementor-section-height-default elementor-section-height-default\" data-id=\"deecafb\" data-element_type=\"section\" data-e-type=\"section\">\n\t\t\t\t\t\t<div class=\"elementor-container elementor-column-gap-default\">\n\t\t\t\t\t<div class=\"elementor-column elementor-col-100 elementor-top-column elementor-element elementor-element-678bf9d ot-flex-column-vertical\" data-id=\"678bf9d\" data-element_type=\"column\" data-e-type=\"column\">\n\t\t\t<div class=\"elementor-widget-wrap elementor-element-populated\">\n\t\t\t\t\t\t<div class=\"elementor-element elementor-element-5f70313 elementor-widget elementor-widget-text-editor\" data-id=\"5f70313\" data-element_type=\"widget\" data-e-type=\"widget\" data-widget_type=\"text-editor.default\">\n\t\t\t\t<div class=\"elementor-widget-container\">\n\t\t\t\t\t\t\t\t\t<h3>&#8220;Arse Makina\u2019nin amac\u0131 sadece makine satmak de\u011fil, ayn\u0131 zamanda en geli\u015fmi\u015f teknolojileri sa\u011flayarak T\u00fcrkiye imalat sekt\u00f6r\u00fcne de katk\u0131da bulunmakt\u0131r. &#8220;<\/h3>\t\t\t\t\t\t\t\t<\/div>\n\t\t\t\t<\/div>\n\t\t\t\t<div class=\"elementor-element elementor-element-7402545 elementor-widget elementor-widget-spacer\" data-id=\"7402545\" data-element_type=\"widget\" data-e-type=\"widget\" data-widget_type=\"spacer.default\">\n\t\t\t\t<div class=\"elementor-widget-container\">\n\t\t\t\t\t\t\t<div class=\"elementor-spacer\">\n\t\t\t<div class=\"elementor-spacer-inner\"><\/div>\n\t\t<\/div>\n\t\t\t\t\t\t<\/div>\n\t\t\t\t<\/div>\n\t\t\t\t\t<\/div>\n\t\t<\/div>\n\t\t\t\t\t<\/div>\n\t\t<\/section>\n\t\t\t\t<\/div>\n\t\t","protected":false},"excerpt":{"rendered":"<p>ARSE MAKINA Arse Makina olarak; kurulu\u015fumuzdan bug\u00fcne amac\u0131m\u0131z, en yeni, en geli\u015fmi\u015f \u00fcretim tekniklerini ve ara\u00e7lar\u0131n\u0131, sanayimizin hizmetine sunmak, bu sayede \u00fclkemizin kalk\u0131nmas\u0131na katk\u0131da bulunmak olmu\u015ftur. Bu ama\u00e7la t\u00fcm d\u00fcnyada, \u00fcretim teknolojisindeki geli\u015fmeleri yak\u0131ndan takip ederek, en geli\u015fmi\u015f teknolojileri \u00fcreticilerimizin hizmetine sunmak i\u00e7in s\u00fcrekli \u00e7al\u0131\u015f\u0131yoruz. Temsil etti\u011fimiz, tamam\u0131 alanlar\u0131nda lider \u00fcreticilerimizle birlikte, y\u00fcksek kaliteli, uzun [&hellip;]<\/p>\n","protected":false},"author":1,"featured_media":0,"parent":0,"menu_order":0,"comment_status":"closed","ping_status":"closed","template":"","meta":{"footnotes":""},"class_list":["post-487","page","type-page","status-publish","hentry"],"_links":{"self":[{"href":"https:\/\/arsemakina.com.tr\/index.php\/wp-json\/wp\/v2\/pages\/487","targetHints":{"allow":["GET"]}}],"collection":[{"href":"https:\/\/arsemakina.com.tr\/index.php\/wp-json\/wp\/v2\/pages"}],"about":[{"href":"https:\/\/arsemakina.com.tr\/index.php\/wp-json\/wp\/v2\/types\/page"}],"author":[{"embeddable":true,"href":"https:\/\/arsemakina.com.tr\/index.php\/wp-json\/wp\/v2\/users\/1"}],"replies":[{"embeddable":true,"href":"https:\/\/arsemakina.com.tr\/index.php\/wp-json\/wp\/v2\/comments?post=487"}],"version-history":[{"count":11,"href":"https:\/\/arsemakina.com.tr\/index.php\/wp-json\/wp\/v2\/pages\/487\/revisions"}],"predecessor-version":[{"id":2549,"href":"https:\/\/arsemakina.com.tr\/index.php\/wp-json\/wp\/v2\/pages\/487\/revisions\/2549"}],"wp:attachment":[{"href":"https:\/\/arsemakina.com.tr\/index.php\/wp-json\/wp\/v2\/media?parent=487"}],"curies":[{"name":"wp","href":"https:\/\/api.w.org\/{rel}","templated":true}]}}